= -2375 + 2479. Calculate the greatest common divisor of 176 and k.
8
Suppose -9*q + 309 = -843. Calculate the highest common factor of q and 48.
16
Suppose -5*y + 20677 = 24*y. What is the highest common factor of 62 and y?
31
Let u(n) = 9*n**2 + n. Let b(h) = h - 7. Let r be b(8). Let k be u(r). Let a be 126/(-5)*k/(-4). Calculate the greatest common divisor of 21 and a.
21
Let w(c) = c**3 - 2*c**2 - 4*c + 14. Let l be w(8). Suppose 5*h - l = -36. Let b(x) = 7*x - 1. Let i be b(1). What is the greatest common divisor of h and i?
6
Suppose -6*j = 33*j - 6435. Suppose 0*a = 5*a + 180. Let g = a + 51. Calculate the highest common divisor of j and g.
15
Let h(v) = -6*v - 35. Let j be h(-6). Let s be 1 + j + 1 - (-20 - -2). What is the highest common factor of 63 and s?
21
Suppose 39 = 6*q + 15. Let w be (17/q - 2)/((-11)/(-308)). Calculate the highest common factor of w and 9.
9
Suppose 5*u + 7 = -2*n, -2*n + u = 320 - 343. What is the highest common divisor of 1800 and n?
9
Let g(l) = -625*l**3 + 4*l**2 + 3*l + 1. Let r be g(-1). What is the greatest common divisor of 66 and r?
33
Let y(d) = -29*d - 224. Let r be y(-8). What is the greatest common factor of r and 8?
8
Suppose 2*u + 1 = -3*k, u - 3*k - 8 = -4*u. Let v be (2*(-44)/16)/u*-4. What is the highest common factor of 11 and v?
11
Let i = -20 + 24. Suppose -i - 2 = -3*v. Suppose -c - v*m + 12 = -6*m, 108 = 4*c - m. What is the highest common factor of 42 and c?
14
Let m = -4 - -9. Let d be 40/6*(-45)/10. Let r be (44/(-33))/(8/d). What is the greatest common factor of m and r?
5
Let x(w) = -3*w**2 - 18*w + 8. Let i be x(-4). What is the greatest common factor of 24 and i?
8
Let n = 1 + 8. Suppose 936 = 13*r - n*r. Let h be (-360)/(-14) - (-4)/14. What is the highest common divisor of r and h?
26
Suppose 0 = 6*k + 538 - 1888. What is the greatest common divisor of 18 and k?
9
Let m be (140/(-15))/((-24)/27 + 1). Let k = m - -101. Calculate the highest common divisor of 17 and k.
17
Suppose 0 = -2*j - 0*j + 110. Let z be (33/j)/(1/5). Suppose -3*c = 5*s - 25, -28 = -3*c - z*s + s. Calculate the greatest common divisor of c and 5.
5
Let p(n) = n**3 - 10*n**2 + 14*n + 23. Suppose -3*j + 38 = 2*j + s, 4*j + s = 30. Let f be p(j). What is the highest common divisor of 7 and f?
7
Suppose 10*g = 43258 - 14988. Calculate the highest common factor of 11 and g.
11
Let f(q) = -7*q - 2. Let c be f(-2). Suppose 5*p + c = -p. Let n be 4788/96 + p/(-16). Calculate the greatest common divisor of 20 and n.
10
Suppose 2*g - 30 - 124 = 0. Let p be (2/(-3))/(-5 - (-489)/99). Calculate the highest common divisor of p and g.
11
Let j be ((-20)/(-5) - 1)*6. Suppose 4*h = 119 + 61. Calculate the greatest common divisor of j and h.
9
Let z = 50 + -50. Let y = z - -22. What is the highest common divisor of 2 and y?
2
Let n = 3 + 97. What is the highest common factor of 125 and n?
25
Let x be (-10)/(-25) + (-4)/10. Let m(h) = -h**2 + 68. Let v be m(x). Let j(q) = -2*q + 27. Let d be j(5). Calculate the highest common factor of v and d.
17
Suppose -5*j + 2*j + 15 = 0. Let z(g) = g**2 - 6*g + 3. Let a be z(-6). What is the highest common divisor of a and j?
5
Let q be -1 + 15/21 - (-228)/14. Let y be (-4)/(-5)*(-4)/(q/(-70)). Calculate the greatest common factor of y and 21.
7
Suppose 61*t = 60*t + 627. Calculate the highest common divisor of t and 228.
57
Suppose 0 = -5*n + 5*f + 540, 5*n + 90 = 6*n + 5*f. What is the greatest common divisor of n and 5?
5
Suppose -5*s - 103 = -0*v - 3*v, -4*v + 5*s + 139 = 0. Let n = 81 - v. Calculate the highest common divisor of n and 30.
15
Suppose -o = -38 - 6. Calculate the highest common divisor of o and 110.
22
Suppose 12*d - 2561 = 6487. Calculate the greatest common factor of d and 174.
58
Suppose 4*v - 569 = -3*b, -8*b - 183 = -9*b + 2*v. Calculate the highest common divisor of 11 and b.
11
Let k be (-18 - -16)/(1/(-5)*2). Suppose -2*n - 138 = -6*n + d, 0 = -2*n - d + 72. Calculate the greatest common divisor of k and n.
5
Let a = 74 - 19. Let w be 3/(1 - 201/192). Let t = a - w. What is the greatest common factor of t and 17?
17
Let v(x) = -97*x - 1155. Let g be v(-12). Suppose -a + 2*a = 9. Calculate the highest common divisor of a and g.
9
Let u(x) = -7*x + 8. Let k be u(-10). Suppose 2*d - k = -d. Calculate the highest common divisor of 65 and d.
13
Suppose -n = -4*n + 375. Let d = -98 + -147. Let i = -220 - d. What is the highest common divisor of i and n?
25
Let j(k) = 93*k - 56*k - 47*k - 6. Let r be j(-1). What is the greatest common factor of r and 48?
4
Let c = -176 - -224. Calculate the greatest common divisor of 912 and c.
48
Let w(u) = -u**3 + 5*u**2 + 7*u - 4. Let x be w(6). Suppose 22 = m + x. What is the greatest common factor of 4 and m?
4
Suppose -122 = -6*m + 460. Suppose 0 = -2*h + m + 569. Calculate the greatest common divisor of 37 and h.
37
Let s = 127 - 86. Let i = s + -24. Suppose -267 = -2*a - 4*v - v, -3*a + 413 = -5*v. What is the highest common factor of i and a?
17
Let s = -11 - -12. Let b be -1 + 10/s + -4. Let f be 33 - (-1 - (1 - b)). What is the greatest common factor of 6 and f?
6
Suppose -j + 299 = -221. Suppose 3*g + g = j. Suppose 2*r + 104 = 4*r. What is the greatest common divisor of r and g?
26
Let j be 13 + (1 - 2) + 0. Let w(k) = -k + 15. Let n be w(j). Suppose -2*d + 155 = d - 5*o, n*d = -5*o + 205. Calculate the greatest common factor of d and 30.
30
Suppose -2 = 2*h + 8. Let b be (-7 - (3 + h))*-1. Suppose -8 = -2*o, -79 = -b*z + 2*o + 2*o. Calculate the greatest common divisor of 38 and z.
19
Let j = 15 - 5. Let n(u) = u**3 - 11*u**2 + 10*u + 10. Let q be n(j). Calculate the highest common divisor of 90 and q.
10
Let y be 0/(-3) - (-37 - -1). Let n(c) = c**2 - 15*c + 38. Let z be n(13). Calculate the greatest common divisor of z and y.
12
Let q(t) = 5*t - 13. Let k be q(9). Let h(i) = 2*i**3 - 15*i**2 - 6*i - 12. Let j be h(8). What is the highest common factor of j and k?
4
Suppose 488 = 67*g - 6*g. Calculate the highest common divisor of 13 and g.
1
Suppose 3*u = 5*u - 128. Suppose 0 = -t + 2*t - u. Let p be (-2 - 16/(-6))/((-1)/(-12)). Calculate the highest common divisor of p and t.
8
Let s = 14 - 11. Let d(f) = 8 - f**3 - 4 + 12*f**2 - 5*f**2. Let r be d(s). Calculate the highest common factor of r and 16.
8
Let g = 331 + -293. Let n(l) = 3*l**2 + 2*l - 14. Let p be n(-10). What is the highest common divisor of p and g?
38
Let p(d) = 5*d + 9. Let m be p(7). Suppose -42 = -u + 24. Let n be (24/36)/(4/u). Calculate the highest common divisor of m and n.
11
Suppose -39*n + 5096 - 1586 = 0. Calculate the highest common divisor of 230 and n.
10
Let z(y) = -177*y - 1129. Let q be z(-7). Calculate the greatest common divisor of 10 and q.
10
Let a be 698/18 + (-12)/(-54). Suppose 13 = p - a. Calculate the highest common divisor of 13 and p.
13
Let l(i) = i**2 - 4*i - 9. Let c be l(6). Suppose 5*m + 2*o - 127 = 33, -c*o - 15 = -m. Calculate the greatest common factor of m and 270.
30
Suppose 0*c = 2*c - 14. Suppose 7*b + 399 - 497 = 0. What is the highest common divisor of b and c?
7
Suppose -z + 10 = 8. Let u be (-4)/z + (4 - -70). What is the greatest common divisor of 36 and u?
36
Suppose 5*a - 4*j - 290 = -2*j, a = 2*j + 50. Let t = a - 46. Calculate the highest common divisor of 35 and t.
7
Let j(t) = t**3 - 30*t**2 - 28*t - 61. Let v be j(31). What is the greatest common factor of 160 and v?
32
Suppose m + 0*o - 141 = -3*o, 3*m - o = 373. Calculate the greatest common divisor of m and 9.
9
Let d = 746 + -652. What is the highest common factor of d and 611?
47
Let q = 36 - 4. Let a(f) = -2*f + q - 37 + 0*f - 6*f. Let s be a(-2). What is the greatest common divisor of s and 22?
11
Let r = -436 - -579. Calculate the greatest common divisor of r and 44.
11
Let i = 776 - 732. Suppose -3*n - 66 = -4*n. What is the highest common factor of i and n?
22
Let k be ((-8)/(-16))/(1/8). Suppose k*x = -2*r + r + 84, 2*x - r - 36 = 0. Suppose -12 = -3*y - 0*y. What is the highest common divisor of y and x?
4
Suppose 51*i + 60 = 56*i. Let x be (-1)/(-2) - 213/(-6). What is the highest common factor of i and x?
12
Suppose 6*y + 4 = -20. Let l = y + 9. Suppose n + 1 = -l*v + 4*v, -5*v - 21 = -3*n. Calculate the highest common factor of n 